{"id":5,"date":"2022-08-08T13:09:58","date_gmt":"2022-08-08T10:09:58","guid":{"rendered":"https:\/\/stadanordic.dk\/bisolnaturalcomplete\/?page_id=5"},"modified":"2025-04-14T11:03:09","modified_gmt":"2025-04-14T08:03:09","slug":"bisonatural-landing","status":"publish","type":"page","link":"https:\/\/stadanordic.dk\/bisolnaturalcomplete\/","title":{"rendered":"Bisonatural landing"},"content":{"rendered":"<p>[et_pb_section fb_built=&#8221;1&#8243; _builder_version=&#8221;4.17.6&#8243; _module_preset=&#8221;default&#8221; custom_margin=&#8221;0px||||false|false&#8221; custom_padding=&#8221;0px||||false|false&#8221; global_colors_info=&#8221;{}&#8221;][et_pb_row custom_padding_last_edited=&#8221;on|phone&#8221; _builder_version=&#8221;4.17.6&#8243; _module_preset=&#8221;default&#8221; width=&#8221;100%&#8221; max_width=&#8221;100%&#8221; custom_margin=&#8221;0px||||false|false&#8221; custom_margin_tablet=&#8221;0px||||false|false&#8221; custom_margin_phone=&#8221;0px||||false|false&#8221; custom_margin_last_edited=&#8221;on|phone&#8221; custom_padding=&#8221;0px||||false|false&#8221; custom_padding_tablet=&#8221;0px||||false|false&#8221; custom_padding_phone=&#8221;0px||||false|false&#8221; global_colors_info=&#8221;{}&#8221;][et_pb_column type=&#8221;4_4&#8243; _builder_version=&#8221;4.17.6&#8243; _module_preset=&#8221;default&#8221; global_colors_info=&#8221;{}&#8221;][et_pb_image src=&#8221;http:\/\/stadanordic.dk\/bisolnaturalcomplete\/wp-content\/uploads\/sites\/2\/2022\/08\/bisonaturalheader_2.jpg&#8221; title_text=&#8221;bisonaturalheader_2&#8243; show_bottom_space=&#8221;off&#8221; src_tablet=&#8221;http:\/\/stadanordic.dk\/bisolnaturalcomplete\/wp-content\/uploads\/sites\/2\/2022\/08\/bisonaturalheader.jpg&#8221; src_phone=&#8221;http:\/\/stadanordic.dk\/bisolnaturalcomplete\/wp-content\/uploads\/sites\/2\/2022\/08\/header-mobile2.jpg&#8221; src_last_edited=&#8221;on|desktop&#8221; _builder_version=&#8221;4.17.6&#8243; _module_preset=&#8221;default&#8221; custom_margin_tablet=&#8221;&#8221; custom_margin_phone=&#8221;||||false|false&#8221; custom_margin_last_edited=&#8221;on|phone&#8221; custom_padding=&#8221;||||false|false&#8221; global_colors_info=&#8221;{}&#8221;][\/et_pb_image][\/et_pb_column][\/et_pb_row][\/et_pb_section][et_pb_section fb_built=&#8221;1&#8243; _builder_version=&#8221;4.17.6&#8243; _module_preset=&#8221;default&#8221; custom_margin_tablet=&#8221;&#8221; custom_margin_phone=&#8221;0px||||false|false&#8221; custom_margin_last_edited=&#8221;on|phone&#8221; custom_padding=&#8221;0px||||false|false&#8221; global_colors_info=&#8221;{}&#8221;][et_pb_row column_structure=&#8221;2_5,3_5&#8243; _builder_version=&#8221;4.17.6&#8243; _module_preset=&#8221;default&#8221; global_colors_info=&#8221;{}&#8221;][et_pb_column type=&#8221;2_5&#8243; _builder_version=&#8221;4.17.6&#8243; _module_preset=&#8221;default&#8221; global_colors_info=&#8221;{}&#8221;][et_pb_image src=&#8221;http:\/\/stadanordic.dk\/bisolnaturalcomplete\/wp-content\/uploads\/sites\/2\/2022\/08\/bisonatural_packageA.jpg&#8221; title_text=&#8221;bisonatural_packageA&#8221; _builder_version=&#8221;4.17.6&#8243; _module_preset=&#8221;default&#8221; global_colors_info=&#8221;{}&#8221;][\/et_pb_image][\/et_pb_column][et_pb_column type=&#8221;3_5&#8243; _builder_version=&#8221;4.17.6&#8243; _module_preset=&#8221;default&#8221; global_colors_info=&#8221;{}&#8221;][et_pb_text _builder_version=&#8221;4.20.1&#8243; _module_preset=&#8221;default&#8221; header_2_font=&#8221;Barlow|700|||||||&#8221; header_2_text_color=&#8221;#002773&#8243; header_2_font_size=&#8221;1em&#8221; custom_css_main_element=&#8221;font-size: calc(2em + 0.5vw) !important&#8221; global_colors_info=&#8221;{}&#8221;]<\/p>\n<h2>Fordele ved<br \/>BISOLNATURAL\u00ae COMPLETE: <\/h2>\n<p>[\/et_pb_text][et_pb_text _builder_version=&#8221;4.17.6&#8243; _module_preset=&#8221;default&#8221; text_font=&#8221;Barlow||||||||&#8221; text_font_size=&#8221;1em&#8221; text_letter_spacing=&#8221;-0.02em&#8221; custom_css_main_element=&#8221;font-size: calc(1em + 0.5vw) !important&#8221; global_colors_info=&#8221;{}&#8221;]<\/p>\n<ul>\n<li>Beskytter slimhinden &amp; lindrer hoste<\/li>\n<li>B\u00e5de dag &amp; nat<\/li>\n<li>Anbefales til voksne og b\u00f8rn &gt; 1 \u00e5r<\/li>\n<li>100 % naturlig<\/li>\n<li>Citrussmag (naturlig aroma fra appelsin, citron og fersken)<\/li>\n<\/ul>\n<p>[\/et_pb_text][et_pb_text _builder_version=&#8221;4.17.6&#8243; _module_preset=&#8221;default&#8221; header_2_font=&#8221;Barlow|700|||||||&#8221; header_2_text_color=&#8221;#002773&#8243; header_2_font_size=&#8221;1em&#8221; custom_css_main_element=&#8221;font-size: calc(2em + 0.5vw) !important&#8221; global_colors_info=&#8221;{}&#8221;]<\/p>\n<h2>S\u00e5dan virker Bisolnatural\u00ae Complete<\/h2>\n<p>[\/et_pb_text][et_pb_text ol_position=&#8221;outside&#8221; ol_item_indent=&#8221;1em&#8221; _builder_version=&#8221;4.17.6&#8243; _module_preset=&#8221;default&#8221; text_font=&#8221;Barlow||||||||&#8221; text_font_size=&#8221;1em&#8221; text_letter_spacing=&#8221;-0.02em&#8221; custom_css_main_element=&#8221;font-size: calc(1em + 0.5vw) !important&#8221; global_colors_info=&#8221;{}&#8221;]<\/p>\n<p>Bisolnatural\u00ae Complete virker p\u00e5 to forskellige m\u00e5der:<\/p>\n<ol>\n<li>Bidrager til at g\u00f8re slimen mere tyndtflydende &#8211; derved bliver det nemmere at hoste op.<\/li>\n<li>Danner en tynd beskyttelsesfilm, som beskytter slimhinden mod kontakt med irriterende stoffer fra omgivelserne.<\/li>\n<\/ol>\n<p>Produktets virkningsmekanisme g\u00f8r, at det er egnet til b\u00e5de voksne og b\u00f8rn over 1 \u00e5r.<\/p>\n<p>[\/et_pb_text][et_pb_text ol_position=&#8221;outside&#8221; ol_item_indent=&#8221;1em&#8221; _builder_version=&#8221;4.17.6&#8243; _module_preset=&#8221;default&#8221; text_font=&#8221;Barlow||||||||&#8221; text_font_size=&#8221;1em&#8221; text_letter_spacing=&#8221;-0.02em&#8221; custom_css_main_element=&#8221;font-size: calc(1em + 0.2vw) !important&#8221; global_colors_info=&#8221;{}&#8221;]<\/p>\n<p>Indeholder fraktion fra timian og Plantago lanceolata samt honning.<\/p>\n<p>[\/et_pb_text][\/et_pb_column][\/et_pb_row][\/et_pb_section][et_pb_section fb_built=&#8221;1&#8243; prev_background_color=&#8221;#ffffff&#8221; _builder_version=&#8221;4.17.6&#8243; _module_preset=&#8221;default&#8221; background_color=&#8221;#fce000&#8243; background_enable_image=&#8221;off&#8221; background_size=&#8221;initial&#8221; custom_margin_tablet=&#8221;&#8221; custom_margin_phone=&#8221;0px||||false|false&#8221; custom_margin_last_edited=&#8221;on|phone&#8221; custom_padding=&#8221;40px||||false|false&#8221; top_divider_style=&#8221;wave2&#8243; top_divider_height=&#8221;76px&#8221; top_divider_flip=&#8221;vertical&#8221; top_divider_height_tablet=&#8221;76px&#8221; top_divider_height_phone=&#8221;42px&#8221; top_divider_height_last_edited=&#8221;on|phone&#8221; global_colors_info=&#8221;{}&#8221;][et_pb_row _builder_version=&#8221;4.17.6&#8243; _module_preset=&#8221;default&#8221; global_colors_info=&#8221;{}&#8221;][et_pb_column type=&#8221;4_4&#8243; _builder_version=&#8221;4.17.6&#8243; _module_preset=&#8221;default&#8221; global_colors_info=&#8221;{}&#8221;][et_pb_image src=&#8221;http:\/\/stadanordic.dk\/bisolnaturalcomplete\/wp-content\/uploads\/sites\/2\/2022\/08\/herbs-and-honey2.png&#8221; title_text=&#8221;herbs-and-honey2&#8243; align=&#8221;center&#8221; _builder_version=&#8221;4.17.6&#8243; _module_preset=&#8221;default&#8221; width=&#8221;65%&#8221; width_tablet=&#8221;100%&#8221; width_phone=&#8221;100%&#8221; width_last_edited=&#8221;on|desktop&#8221; global_colors_info=&#8221;{}&#8221;][\/et_pb_image][\/et_pb_column][\/et_pb_row][et_pb_row column_structure=&#8221;1_6,1_6,1_6,1_6,1_6,1_6&#8243; use_custom_gutter=&#8221;on&#8221; gutter_width=&#8221;2&#8243; module_class=&#8221;two-columns&#8221; _builder_version=&#8221;4.17.6&#8243; _module_preset=&#8221;default&#8221; width=&#8221;90%&#8221; max_width=&#8221;100%&#8221; global_colors_info=&#8221;{}&#8221;][et_pb_column type=&#8221;1_6&#8243; _builder_version=&#8221;4.17.6&#8243; _module_preset=&#8221;default&#8221; global_colors_info=&#8221;{}&#8221;][et_pb_blurb title=&#8221;Naturlig aroma&#8221; image=&#8221;http:\/\/stadanordic.dk\/bisolnaturalcomplete\/wp-content\/uploads\/sites\/2\/2022\/08\/orange-mark.png&#8221; image_icon_width=&#8221;50%&#8221; _builder_version=&#8221;4.17.6&#8243; _module_preset=&#8221;default&#8221; header_level=&#8221;h2&#8243; header_font=&#8221;Barlow|600|||||||&#8221; header_text_align=&#8221;center&#8221; header_text_color=&#8221;#002773&#8243; header_letter_spacing=&#8221;-0.03em&#8221; global_colors_info=&#8221;{}&#8221;][\/et_pb_blurb][\/et_pb_column][et_pb_column type=&#8221;1_6&#8243; _builder_version=&#8221;4.17.6&#8243; _module_preset=&#8221;default&#8221; global_colors_info=&#8221;{}&#8221;][et_pb_blurb title=&#8221;Citrus smag&#8221; image=&#8221;http:\/\/stadanordic.dk\/bisolnaturalcomplete\/wp-content\/uploads\/sites\/2\/2022\/08\/orange-mark.png&#8221; image_icon_width=&#8221;50%&#8221; _builder_version=&#8221;4.17.6&#8243; _module_preset=&#8221;default&#8221; header_level=&#8221;h2&#8243; header_font=&#8221;Barlow|600|||||||&#8221; header_text_align=&#8221;center&#8221; header_text_color=&#8221;#002773&#8243; header_letter_spacing=&#8221;-0.03em&#8221; global_colors_info=&#8221;{}&#8221;][\/et_pb_blurb][\/et_pb_column][et_pb_column type=&#8221;1_6&#8243; _builder_version=&#8221;4.17.6&#8243; _module_preset=&#8221;default&#8221; global_colors_info=&#8221;{}&#8221;][et_pb_blurb title=&#8221;Ingen farvestoffer&#8221; image=&#8221;http:\/\/stadanordic.dk\/bisolnaturalcomplete\/wp-content\/uploads\/sites\/2\/2022\/08\/orange-mark.png&#8221; image_icon_width=&#8221;50%&#8221; _builder_version=&#8221;4.17.6&#8243; _module_preset=&#8221;default&#8221; header_level=&#8221;h2&#8243; header_font=&#8221;Barlow|600|||||||&#8221; header_text_align=&#8221;center&#8221; header_text_color=&#8221;#002773&#8243; header_letter_spacing=&#8221;-0.03em&#8221; global_colors_info=&#8221;{}&#8221;][\/et_pb_blurb][\/et_pb_column][et_pb_column type=&#8221;1_6&#8243; _builder_version=&#8221;4.17.6&#8243; _module_preset=&#8221;default&#8221; global_colors_info=&#8221;{}&#8221;][et_pb_blurb title=&#8221;100% naturlig&#8221; image=&#8221;http:\/\/stadanordic.dk\/bisolnaturalcomplete\/wp-content\/uploads\/sites\/2\/2022\/08\/orange-mark.png&#8221; image_icon_width=&#8221;50%&#8221; _builder_version=&#8221;4.17.6&#8243; _module_preset=&#8221;default&#8221; header_level=&#8221;h2&#8243; header_font=&#8221;Barlow|600|||||||&#8221; header_text_align=&#8221;center&#8221; header_text_color=&#8221;#002773&#8243; header_letter_spacing=&#8221;-0.03em&#8221; global_colors_info=&#8221;{}&#8221;][\/et_pb_blurb][\/et_pb_column][et_pb_column type=&#8221;1_6&#8243; _builder_version=&#8221;4.17.6&#8243; _module_preset=&#8221;default&#8221; global_colors_info=&#8221;{}&#8221;][et_pb_blurb title=&#8221;Alkoholfri&#8221; image=&#8221;http:\/\/stadanordic.dk\/bisolnaturalcomplete\/wp-content\/uploads\/sites\/2\/2022\/08\/orange-mark.png&#8221; image_icon_width=&#8221;50%&#8221; _builder_version=&#8221;4.17.6&#8243; _module_preset=&#8221;default&#8221; header_level=&#8221;h2&#8243; header_font=&#8221;Barlow|600|||||||&#8221; header_text_align=&#8221;center&#8221; header_text_color=&#8221;#002773&#8243; header_letter_spacing=&#8221;-0.03em&#8221; global_colors_info=&#8221;{}&#8221;][\/et_pb_blurb][\/et_pb_column][et_pb_column type=&#8221;1_6&#8243; _builder_version=&#8221;4.17.6&#8243; _module_preset=&#8221;default&#8221; global_colors_info=&#8221;{}&#8221;][et_pb_blurb title=&#8221;Ingen konserveringsmidler eller andre syntetiske hj\u00e6lpestoffer&#8221; image=&#8221;http:\/\/stadanordic.dk\/bisolnaturalcomplete\/wp-content\/uploads\/sites\/2\/2022\/08\/orange-mark.png&#8221; image_icon_width=&#8221;50%&#8221; _builder_version=&#8221;4.17.6&#8243; _module_preset=&#8221;default&#8221; header_level=&#8221;h2&#8243; header_font=&#8221;Barlow|600|||||||&#8221; header_text_align=&#8221;center&#8221; header_text_color=&#8221;#002773&#8243; header_font_size=&#8221;20px&#8221; header_letter_spacing=&#8221;-0.03em&#8221; global_colors_info=&#8221;{}&#8221;][\/et_pb_blurb][\/et_pb_column][\/et_pb_row][et_pb_row _builder_version=&#8221;4.17.6&#8243; _module_preset=&#8221;default&#8221; global_colors_info=&#8221;{}&#8221;][et_pb_column type=&#8221;4_4&#8243; _builder_version=&#8221;4.17.6&#8243; _module_preset=&#8221;default&#8221; global_colors_info=&#8221;{}&#8221;][dmpro_popup popup_id=&#8221;k\u00f8b her&#8221; trigger_button_text=&#8221;K\u00f8b her&#8221; close_on_esc=&#8221;on&#8221; popup_title=&#8221;K\u00f8b her&#8221; close_button_text=&#8221;Luk&#8221; trigger_element_bg_color=&#8221;#FF8300&#8243; popup_overlay_bg_color=&#8221;RGBA(255,255,255,0)&#8221; popup_bg_color=&#8221;#FFFFFF&#8221; popup_header_bg_color=&#8221;#FFFFFF&#8221; popup_body_bg_color=&#8221;#FFFFFF&#8221; popup_footer_bg_color=&#8221;#FFFFFF&#8221; popup_animation_duration=&#8221;500ms&#8221; _builder_version=&#8221;4.17.6&#8243; _module_preset=&#8221;default&#8221; custom_trigger_button=&#8221;on&#8221; trigger_button_text_size=&#8221;24px&#8221; trigger_button_text_color=&#8221;#FFFFFF&#8221; trigger_button_border_width=&#8221;0px&#8221; trigger_button_font=&#8221;Barlow Semi Condensed||||||||&#8221; trigger_button_use_icon=&#8221;off&#8221; trigger_button_custom_padding=&#8221;12px|40px|12px|40px|false|false&#8221; custom_close_button=&#8221;on&#8221; close_button_text_color=&#8221;#000000&#8243; close_button_bg_color=&#8221;#FF8300&#8243; close_button_border_width=&#8221;0px&#8221; close_button_border_radius=&#8221;10px&#8221; close_button_font=&#8221;Barlow Semi Condensed||||||||&#8221; close_button_use_icon=&#8221;off&#8221; border_radii_trigger_element=&#8221;on|10px|10px|10px|10px&#8221; border_color_all_trigger_element=&#8221;RGBA(255,255,255,0)&#8221; border_style_all_trigger_element=&#8221;none&#8221; box_shadow_style_popup=&#8221;preset3&#8243; box_shadow_style_trigger_button=&#8221;preset3&#8243; global_colors_info=&#8221;{}&#8221;]<a href=\"https:\/\/www.med24.dk\/medicin-og-medicare\/medicinsk-udstyr\/luftvejene\/bisolnatural-complete-133-ml\" target=\"_blank\" rel=\"noopener\">\u00a0<img loading=\"lazy\" decoding=\"async\" src=\"http:\/\/stadanordic.dk\/bisolnaturalcomplete\/wp-content\/uploads\/sites\/2\/2022\/08\/logo_med24_dk.png\" alt=\"\" class=\"wp-image-13 alignnone size-full\" style=\"display: block; margin-left: auto; margin-right: auto;\" width=\"167\" height=\"59\" \/><\/a><\/p>\n<p style=\"text-align: center;\"><a href=\"https:\/\/apopro.dk\/bisolnatural-complete-sirup-medicinsk-udstyr-133-ml-222642\" target=\"_blank\" rel=\"noopener\"><img loading=\"lazy\" decoding=\"async\" src=\"http:\/\/stadanordic.dk\/bisolnaturalcomplete\/wp-content\/uploads\/sites\/2\/2022\/08\/logo-apopro-250x50-1.png\" alt=\"\" class=\"wp-image-14 alignnone size-full\" width=\"250\" height=\"51\" \/><\/a><\/p>\n<p style=\"text-align: center;\"><a href=\"https:\/\/apoteket-online.dk\/bisolnatural-complete-sirup-222642\" target=\"_blank\" rel=\"noopener\"><img loading=\"lazy\" decoding=\"async\" src=\"http:\/\/stadanordic.dk\/bisolnaturalcomplete\/wp-content\/uploads\/sites\/2\/2022\/08\/apoteketonline.png\" alt=\"\" class=\"wp-image-906 alignnone size-full\" width=\"122\" height=\"111\" \/><\/a><\/p>\n<p style=\"text-align: center;\"><a href=\"https:\/\/www.webapoteket.dk\/helbred\/forkoelelse-og-hoste\/bisolnatural-complete-sirup-p-222642\" target=\"_blank\" rel=\"noopener\"><img loading=\"lazy\" decoding=\"async\" src=\"http:\/\/stadanordic.dk\/bisolnaturalcomplete\/wp-content\/uploads\/sites\/2\/2022\/08\/Skaermbillede-2017-03-28-kl.-13.24.11.png\" alt=\"\" class=\"wp-image-15 alignnone size-full\" width=\"296\" height=\"52\" \/><\/a><\/p>\n<p style=\"text-align: center;\"><a href=\"https:\/\/www.dinapoteker.dk\/bisolnatural-complete-sirup-p52652\" target=\"_blank\" rel=\"noopener\"><img loading=\"lazy\" decoding=\"async\" src=\"http:\/\/stadanordic.dk\/bisolnaturalcomplete\/wp-content\/uploads\/sites\/2\/2022\/08\/www_dinapoteker-300x54.png\" alt=\"\" class=\"wp-image-16 alignnone size-medium\" width=\"300\" height=\"54\" srcset=\"https:\/\/stadanordic.dk\/bisolnaturalcomplete\/wp-content\/uploads\/sites\/2\/2022\/08\/www_dinapoteker-300x54.png 300w, https:\/\/stadanordic.dk\/bisolnaturalcomplete\/wp-content\/uploads\/sites\/2\/2022\/08\/www_dinapoteker.png 343w\" sizes=\"(max-width: 300px) 100vw, 300px\" \/><\/a><\/p>\n<p style=\"text-align: center;\"><a href=\"https:\/\/www.apotekeren.dk\/produkter\/bisolnatural-complete-sirup-133-ml\/p-23761\" target=\"_blank\" rel=\"noopener\"><img loading=\"lazy\" decoding=\"async\" src=\"http:\/\/stadanordic.dk\/bisolnaturalcomplete\/wp-content\/uploads\/sites\/2\/2022\/08\/Skaermbillede-2017-03-28-kl.-13.27.24-300x56.png\" alt=\"\" class=\"wp-image-17 alignnone size-medium\" width=\"300\" height=\"56\" srcset=\"https:\/\/stadanordic.dk\/bisolnaturalcomplete\/wp-content\/uploads\/sites\/2\/2022\/08\/Skaermbillede-2017-03-28-kl.-13.27.24-300x56.png 300w, https:\/\/stadanordic.dk\/bisolnaturalcomplete\/wp-content\/uploads\/sites\/2\/2022\/08\/Skaermbillede-2017-03-28-kl.-13.27.24.png 386w\" sizes=\"(max-width: 300px) 100vw, 300px\" \/><\/a><\/p>\n<p>&nbsp;[\/dmpro_popup][\/et_pb_column][\/et_pb_row][\/et_pb_section][et_pb_section fb_built=&#8221;1&#8243; _builder_version=&#8221;4.17.6&#8243; _module_preset=&#8221;default&#8221; custom_margin=&#8221;0px||||false|false&#8221; custom_padding=&#8221;0px||0px||false|false&#8221; global_colors_info=&#8221;{}&#8221;][et_pb_row _builder_version=&#8221;4.17.6&#8243; _module_preset=&#8221;default&#8221; global_colors_info=&#8221;{}&#8221;][et_pb_column type=&#8221;4_4&#8243; _builder_version=&#8221;4.17.6&#8243; _module_preset=&#8221;default&#8221; global_colors_info=&#8221;{}&#8221;][et_pb_text _builder_version=&#8221;4.17.6&#8243; _module_preset=&#8221;default&#8221; text_font=&#8221;Barlow||||||||&#8221; text_font_size=&#8221;12px&#8221; text_line_height=&#8221;1.5em&#8221; global_colors_info=&#8221;{}&#8221;]<\/p>\n<p>Bisolnatural\u00ae Complete sirup. Bisolnatural\u00ae Complete indeholder polysaccharidfraktion fra Plantago lanceolata (lancet-vejbred), flavonoidfraktion fra timian samt honning. Indeholder ogs\u00e5: R\u00f8rsukker, vand, citronsaft, naturlige aromastoffer fra appelsin, citron og fersken, xantangummi og gummi arabicum. Bisolnatural\u00ae Complete er et medicinsk udstyr klasse IIa. Bisolnatural\u00ae Complete anvendes mod hoste (t\u00f8r hoste og hoste med slim), og is\u00e6r hoste, som skyldes infektioner i de \u00f8vre luftveje. Dosering VOKSNE OG B\u00d8RN OVER 1 \u00c5R: B\u00f8rn 1-6 \u00e5r: 1 m\u00e5leske (5 ml) to gange dagligt. B\u00f8rn over 6 \u00e5r: 2 m\u00e5leskeer (10 ml) to gange dagligt. Voksne: 2 m\u00e5leskeer (10 ml) to til tre gange dagligt. Ved behov kan hostesaften tages op til 4 gange dagligt, ogs\u00e5 med korte mellemrum. Omrystes f\u00f8r brug. M\u00e5 ikke anvendes ved allergi over for et eller flere af indholdsstofferne. Opbevares ved stuetemperatur beskyttet mod varme og lys. Opbevares utilg\u00e6ngeligt for b\u00f8rn. Udl\u00f8bsdatoen g\u00e6lder for den u\u00e5bnede flaske opbevaret i den originale emballage, og skal anvendes inden for 3 m\u00e5neder efter \u00e5bning af flasken. 1 m\u00e5leske (5 ml) indeholder ca. 4,1 gram sukker. Tal med l\u00e6gen, hvis dine symptomer ikke er forsvundet efter nogle f\u00e5 dage.<\/p>\n<p>[\/et_pb_text][\/et_pb_column][\/et_pb_row][\/et_pb_section]<\/p>\n","protected":false},"excerpt":{"rendered":"<p>Fordele vedBISOLNATURAL\u00ae COMPLETE: Beskytter slimhinden &amp; lindrer hoste B\u00e5de dag &amp; nat Anbefales til voksne og b\u00f8rn &gt; 1 \u00e5r 100 % naturlig Citrussmag (naturlig aroma fra appelsin, citron og fersken) S\u00e5dan virker Bisolnatural\u00ae CompleteBisolnatural\u00ae Complete virker p\u00e5 to forskellige m\u00e5der: Bidrager til at g\u00f8re slimen mere tyndtflydende &#8211; derved bliver det nemmere at hoste [&hellip;]<\/p>\n","protected":false},"author":2,"featured_media":0,"parent":0,"menu_order":0,"comment_status":"closed","ping_status":"closed","template":"","meta":{"_et_pb_use_builder":"on","_et_pb_old_content":"","_et_gb_content_width":"","footnotes":""},"class_list":["post-5","page","type-page","status-publish","hentry"],"_links":{"self":[{"href":"https:\/\/stadanordic.dk\/bisolnaturalcomplete\/wp-json\/wp\/v2\/pages\/5","targetHints":{"allow":["GET"]}}],"collection":[{"href":"https:\/\/stadanordic.dk\/bisolnaturalcomplete\/wp-json\/wp\/v2\/pages"}],"about":[{"href":"https:\/\/stadanordic.dk\/bisolnaturalcomplete\/wp-json\/wp\/v2\/types\/page"}],"author":[{"embeddable":true,"href":"https:\/\/stadanordic.dk\/bisolnaturalcomplete\/wp-json\/wp\/v2\/users\/2"}],"replies":[{"embeddable":true,"href":"https:\/\/stadanordic.dk\/bisolnaturalcomplete\/wp-json\/wp\/v2\/comments?post=5"}],"version-history":[{"count":13,"href":"https:\/\/stadanordic.dk\/bisolnaturalcomplete\/wp-json\/wp\/v2\/pages\/5\/revisions"}],"predecessor-version":[{"id":967,"href":"https:\/\/stadanordic.dk\/bisolnaturalcomplete\/wp-json\/wp\/v2\/pages\/5\/revisions\/967"}],"wp:attachment":[{"href":"https:\/\/stadanordic.dk\/bisolnaturalcomplete\/wp-json\/wp\/v2\/media?parent=5"}],"curies":[{"name":"wp","href":"https:\/\/api.w.org\/{rel}","templated":true}]}}